e -28264 = -132*w + 124*w. List the prime factors of w.
3533
Let p(k) be the second derivative of k**3/3 - 2*k**2 + k - 75. Suppose 0 = o + 5*t + 3, -t + 15 = -6*t. List the prime factors of p(o).
2, 5
Suppose 136 = -f + 833. Suppose -4*r + f = 5*k, 5*k + 479 = 3*r - 0*r. What are the prime factors of r?
2, 3, 7
Suppose 2 = 3*k - 2*l - 3*l, -4*k + 18 = l. Suppose 2*y = -3*g + 22, 3*y - y = k. Let c(n) = n**3 - 5*n**2 - 5*n - 2. List the prime factors of c(g).
2
Suppose 0 = 2*y - 6. Suppose 0*u - 3*u + 6 = 0, y*z + 3*u = 18. What are the prime factors of 245/15 - z/(-6)?
17
Let z = -13 - -19. Suppose -h = -11 + z. What are the prime factors of h?
5
Let l(c) = -c**3 + 16*c**2 + 5*c - 38. What are the prime factors of l(14)?
2, 53
Suppose 0 = 4*b + 6 + 2. Let c be b/13 + (-587)/(-13). Let z = c + -10. What are the prime factors of z?
5, 7
Suppose -2*k = 5*g - 1438, 5*k - 3*k + g - 1422 = 0. List the prime factors of k.
709
Suppose -2*x - 3*w - 7 = 2, -5*x + 3 = -w. Suppose x = j - 4, 0*i - 300 = -2*i + 3*j. What are the prime factors of i?
2, 3, 13
Let g be -9*(-2)/((-12)/(-26)). Suppose -j + 26 = -g. What are the prime factors of j?
5, 13
Let x = 3309 - 2183. Suppose -4*d + x + 168 = 2*t, -2*t - 974 = -3*d. What are the prime factors of d?
2, 3
Suppose 0 = 9*i - 6*i. Suppose 0 = -5*z + 2*y + 151, 3*z + i*y = y + 91. What are the prime factors of z?
31
Let m(k) = k + 2. Let l(g) = -g - 1. Suppose 6 - 1 = b. Let t(j) = b*l(j) + 4*m(j). List the prime factors of t(-4).
7
Let j = 19 - 15. Suppose 5*q + 20 = 4*a - 5, -j*a + q = -37. Let t = 16 - a. What are the prime factors of t?
2, 3
Suppose 0 = q - 0 - 5, -3*j + 2380 = 5*q. Suppose -5*m = 3*f - 785, -5*m - f + j = -5*f. What are the prime factors of m?
157
Let a(k) = k**3 - 6*k**2 - 8*k + 9. Let z be a(6). Let l = z - -122. List the prime factors of l.
83
Let s be -65 - (-1 - (3 - 3)). Let o = 18 - s. What are the prime factors of o?
2, 41
Let g(l) = -2*l**3 + 29*l**2 - 9*l + 6. List the prime factors of g(14).
2, 19
Let p be (20 - 22) + (-1 + 1 - 0). List the prime factors of (-195)/(-6) + 1 + 5/p.
31
Suppose 3*n = -4*i + 48, 27 = 4*i - 2*n - 1. Suppose -430 = -i*c + 7*c. List the prime factors of c.
5, 43
Suppose -5*b = -2*b. Suppose -5*o - 295 = -5*v - b*o, 5*o = -3*v + 137. What are the prime factors of v?
2, 3
Let a(t) = -11*t - 8*t + 24*t - 7. List the prime factors of a(3).
2
Let n = -175 + 254. Suppose -y + 3*s = -4*y + 105, -2*y = 5*s - n. Suppose -y = -c - c. List the prime factors of c.
2
Suppose 43*d - 42*d = 129. Let w = d - 8. List the prime factors of w.
11
Let m(i) = 23*i + 1. Let j(a) = 24*a + 1. Let v(d) = 3*j(d) - 2*m(d). Suppose -2 = -4*u + 2. List the prime factors of v(u).
3
Suppose 57645 = 28*c + 17*c. What are the prime factors of c?
3, 7, 61
List the prime factors of 19*6 + 8/(-17 + 9).
113
Let q = -383 + 616. What are the prime factors of q?
233
Let v(y) = y**2 + 9*y + 6. Let a be v(-8). Let p be (28*(-2)/2)/a. Suppose 2 = -u + p. List the prime factors of u.
2, 3
Suppose -25*r = 7897 - 25247. List the prime factors of r.
2, 347
Let q(o) = o**3 + 9*o**2 + 9*o + 15. Let d be (-15)/3 - (2 + -1). List the prime factors of q(d).
3, 23
Let g(t) = 11*t**2 - 10*t + 24. What are the prime factors of g(13)?
1753
Let q = -2991 - -4540. List the prime factors of q.
1549
Let s(t) = 10*t**2 + 11*t - 5. Let y(d) = 6*d - 10*d - 5 + 9*d**2 + 0*d + 14*d. Let i(k) = -5*s(k) + 6*y(k). What are the prime factors of i(2)?
3, 7
Let s(t) be the second derivative of -5*t**3/3 - 3*t**2 + 5*t. Let o be s(-7). List the prime factors of (15/(-4))/((-12)/o).
2, 5
Let b = -503 - -829. What are the prime factors of b?
2, 163
Let h(d) = 18*d**2 + 3*d - 2. Let b be h(-4). Suppose 4*s = -b + 1338. What are the prime factors of s?
2, 7, 19
Suppose -63 = -0*f - 7*f. Suppose -f*v = -357 - 147. What are the prime factors of v?
2, 7
Let u = 42 - 43. Let j(i) = -61*i - 10. List the prime factors of j(u).
3, 17
Suppose -4*j + 832 = 3*i, -100 - 108 = -j + 2*i. What are the prime factors of j?
2, 13
Suppose -3*m + 2111 = 5*t, -t + 5*t + 5*m - 1681 = 0. What are the prime factors of t?
2, 53
Suppose 3*z - 1704 = -4*g - 592, 2*g - 4*z = 556. What are the prime factors of g?
2, 139
Let v(o) be the first derivative of 3*o**2/2 + 19*o - 15. List the prime factors of v(14).
61
Let p(a) be the third derivative of -1/12*a**5 - 1/120*a**6 + 1/3*a**3 - a**2 + 0*a + 0 - 1/12*a**4. What are the prime factors of p(-5)?
2, 3
Let b(o) = 2*o**3 + 49*o**2 + 138*o - 27. What are the prime factors of b(-18)?
3, 7
Let v = 2 + -42. Let w = -161 + v. What are the prime factors of w/(-12) + 6/24?
17
Suppose 4*v - 431 = 3*h, 327 = -v + 4*v - 3*h. Let g = v - 37. What are the prime factors of g?
67
Let k(l) = 2*l - 36. Let v be k(18). Suppose 0 = -v*b - 2*b + 82. What are the prime factors of b?
41
Suppose -s + 6*s - 20 = -2*w, 4*s - 16 = -5*w. Suppose -3*k - s*v = -82, -3*k - 3*v = -0*v - 84. List the prime factors of ((-24)/k)/((-1)/15).
2, 3
Let y be (100/3)/(-5)*9. List the prime factors of (-2484)/y + 4/(-10).
41
Suppose -2*c - c + 255 = 0. Suppose -48 = -w + n - 4*n, 3*w - 130 = 5*n. Let s = c - w. List the prime factors of s.
2, 5
Suppose 0 = -2*t - 6*t - 3*t. Let z = t - -12. What are the prime factors of z?
2, 3
List the prime factors of (-19019)/(-38)*12/21.
2, 11, 13
Suppose -6 = 2*a, 4*t - 3*a - 13930 = -749. What are the prime factors of t?
37, 89
Suppose -2*b + 7 = -g + 5, -2*g - 2*b = 22. Let k be (-102)/(-4) + (-4)/g. Suppose n - k = -2*s, 0 = n - 3*n. What are the prime factors of s?
13
Suppose -4*f + 3*o + 4390 = -3465, -2*f + 3922 = 4*o. What are the prime factors of f?
13, 151
Let o = 3 - 1. Suppose -l = 4*g + 58, -o*g - 2*g = 8. What are the prime factors of ((-8)/(-20))/((-1)/l)?
2, 5
Let o be -2 - (-6 - -7)/(1/(-91)). Let m = -71 + o. List the prime factors of m.
2, 3
Let m(q) = -27*q + 31. Let f(j) = -68*j + 78. Let o(v) = -5*f(v) + 12*m(v). List the prime factors of o(5).
2, 31
List the prime factors of 5/((-45)/(-5829)) + (-68)/(-51).
11, 59
Let z(x) = -46*x - 4. Let l(n) = -n. Let y(v) = 4*l(v) - z(v). Let h be y(2). What are the prime factors of ((-1)/(-4))/(2/h)?
11
Suppose 2*z - 1 = 3. Suppose 3 = 3*f, z*x + 2*f - 24 = -6. Suppose 3*c + 60 = x*c. What are the prime factors of c?
2, 3
Suppose -4*i + 5*s = 13, 2*s = 4*i - 4 + 2. Suppose l = 5*a + 109, 4*a + 29 - 299 = -i*l. What are the prime factors of l?
2, 47
List the prime factors of (5/2 - 2) + 452503/214.
3, 5, 47
Suppose 4*y - 6 = 6*y. Let r = y - -9. Suppose 9 + r = 3*x. List the prime factors of x.
5
Let z = -1045 + 1842. List the prime factors of z.
797
What are the prime factors of ((-3)/(-18))/((-11)/(-33594))?
509
Let g(h) = 20*h**3 + 81*h**2 - 105*h - 88. Let q(b) = -7*b**3 - 27*b**2 + 35*b + 29. Let s(o) = 6*g(o) + 17*q(o). List the prime factors of s(-28).
7, 23
Suppose 23*j - 27*j = -8. Suppose j*n - 36 = -2*n. List the prime factors of n.
3
What are the prime factors of ((-124)/10)/(8094/900 - 9)?
2, 3, 5, 31
Let i(c) = c**2 + 7*c - 3. Let d be i(-8). Let s = -73 - -111. Suppose -5*p - u = -223 - 63, p + d*u = s. List the prime factors of p.
2, 29
Let n(p) = p**2 + p + 3. Let x be n(-4). Let y = -19 + x. List the prime factors of (54/(-15))/(y/10).
3
Let r be 87 + -2 + 4 + (-2 - -1). Suppose -i + 2*i - r = 0. What are the prime factors of i?
2, 11
Let b(v) = -6*v. Suppose 2*p = 7*p + 4*x - 11, 0 = -4*x - 4. Let o be b(p). Let k = 4 - o. What are the prime factors of k?
2, 11
Let x(q) = 325*q**2 + q - 8. Let y be x(3). List the prime factors of 4/6 + y/30.
2, 7
Let n = 814 - 267. List the prime factors of n.
547
Let t be 8/6*(-3 + 0). Let w(a) = -a + 35. Let n be w(5). Let o = t + n. List the prime factors of o.
2, 13
Let t(r) = -r - 8. Let k be t(-7). Let m be k + (-5)/(5/(-3)). Suppose x + m*i = 6*x - 184, -5*i - 154 = -4*x. List the prime factors of x.
2, 3
Suppose 2 = 5*g - 8. Suppose 3*m + 1 = 2*r, r + 0*r + g*m = -3. List the prime factors of 2 + (-1 - -70) + r.
2, 5, 7
Let i = -12924 + 19517. What are the prime factors of i?
19, 347
What are the prime factors of 4533 + -3 + 10 + -10?
2, 3, 5, 151
Suppose 5*m - 131 = 414. Let s = m + -74. Let z = s - -1. List the prime factors of z.
2, 3
Let q(n) = 4 + 6 + 5 + 2*n - 7. Suppose -5*u +